{"id":9034,"date":"2023-06-03T21:27:14","date_gmt":"2023-06-03T21:27:14","guid":{"rendered":"https:\/\/cdspress.ca\/?page_id=9034"},"modified":"2023-06-04T15:16:22","modified_gmt":"2023-06-04T15:16:22","slug":"9034-2","status":"publish","type":"page","link":"https:\/\/cdspress.ca\/?page_id=9034","title":{"rendered":""},"content":{"rendered":"\n<div class=\"wp-block-media-text alignwide is-stacked-on-mobile\" style=\"grid-template-columns:39% auto\"><figure class=\"wp-block-media-text__media\"><img loading=\"lazy\" decoding=\"async\" width=\"225\" height=\"300\" src=\"https:\/\/cdspress.ca\/wp-content\/uploads\/2023\/06\/MENTAL-HEALTH-ADDICTION-225x300.png\" alt=\"\" class=\"wp-image-9044 size-medium\" srcset=\"https:\/\/cdspress.ca\/wp-content\/uploads\/2023\/06\/MENTAL-HEALTH-ADDICTION-225x300.png 225w, https:\/\/cdspress.ca\/wp-content\/uploads\/2023\/06\/MENTAL-HEALTH-ADDICTION-768x1024.png 768w, https:\/\/cdspress.ca\/wp-content\/uploads\/2023\/06\/MENTAL-HEALTH-ADDICTION-1152x1536.png 1152w, https:\/\/cdspress.ca\/wp-content\/uploads\/2023\/06\/MENTAL-HEALTH-ADDICTION-1536x2048.png 1536w, https:\/\/cdspress.ca\/wp-content\/uploads\/2023\/06\/MENTAL-HEALTH-ADDICTION.png 1728w\" sizes=\"auto, (max-width: 225px) 100vw, 225px\" \/><\/figure><div class=\"wp-block-media-text__content\">\n<p style=\"font-size:15px\"><strong>Book title:<\/strong>&nbsp;Mental Health &amp; Addiction: An Integrated Care in Latin America<\/p>\n\n\n\n<p style=\"font-size:15px\"><strong>Editor:<\/strong>&nbsp;Orlando Scoppetta, Ph.D.<\/p>\n\n\n\n<p style=\"font-size:15px\"><strong>Affiliation:<\/strong>\u00a0Nuevos Rumbos Corporation, Colombia<\/p>\n\n\n\n<p style=\"font-size:15px\"><strong>Editor:<\/strong> Augusto P\u00e9rez-G\u00f3mez, Ph.D.<\/p>\n\n\n\n<p style=\"font-size:15px\"><strong>Affiliation:<\/strong>\u00a0Nuevos Rumbos Corporation, Colombia<\/p>\n\n\n\n<p style=\"font-size:15px\"><strong>Editor: <\/strong>Juliana Mej\u00eda Trujillo, M.A., Ph.D. Candidate<\/p>\n\n\n\n<p style=\"font-size:15px\"><strong>Affiliation:<\/strong> Maastricht University, Netherlands<\/p>\n\n\n\n<p style=\"font-size:15px\"><strong>Editor:<\/strong>&nbsp;Masood Zangeneh, Ph.D.<\/p>\n\n\n\n<p style=\"font-size:15px\"><strong>Affiliation:<\/strong>&nbsp;Humber College Institute of Technology and Advanced Learning, Canada<\/p>\n<\/div><\/div>\n\n\n\n<div style=\"height:100px\" aria-hidden=\"true\" class=\"wp-block-spacer\"><\/div>\n\n\n\n<p class=\"has-medium-font-size\"><strong>Table of Contents:<\/strong><\/p>\n\n\n\n<p style=\"font-size:15px\"><a href=\"https:\/\/cdspress.ca\/wp-content\/uploads\/2023\/06\/Datos-de-autores_Authors.pdf\">Authors Information<\/a><\/p>\n\n\n\n<p class=\"has-medium-font-size\"><strong>Chapters:<\/strong><\/p>\n\n\n\n<p style=\"font-size:15px\"><a href=\"https:\/\/cdspress.ca\/wp-content\/uploads\/2023\/06\/CHAPTER-1-Mental-health-in-time-of-COVID-19.pdf\">Chapter 1: Mental Health in Time of COVID-19<\/a><\/p>\n\n\n\n<p>Orlando Scoppetta D. G., Alexis E. Carrillo R., Camilo Rodr\u00edguez-Fandi\u00f1o, Jennifer Toro Berm\u00fadez, Alejandra Villamil-S\u00e1nchez, Juliana Mej\u00eda Trujillo, Augusto P\u00e9rez-G\u00f3mez<\/p>\n\n\n\n<p>pages 1-25<\/p>\n\n\n\n<hr class=\"wp-block-separator has-alpha-channel-opacity\"\/>\n\n\n\n<p style=\"font-size:15px\"><a href=\"https:\/\/cdspress.ca\/wp-content\/uploads\/2023\/06\/CHAPTER-2-Telemedicine-for-mental-health-in-Latin-America.pdf\">Chapter 2: Telemedicine for mental health in Latin America<\/a><\/p>\n\n\n\n<p>Guillermo A. Casta\u00f1o P., Luz Angela Rojas Bernal, Macarena Mesa<\/p>\n\n\n\n<p>pages 26-56<\/p>\n\n\n\n<hr class=\"wp-block-separator has-alpha-channel-opacity\"\/>\n\n\n\n<p style=\"font-size:15px\"><a href=\"https:\/\/cdspress.ca\/wp-content\/uploads\/2023\/06\/CHAPTER-3-Stigmatization-in-people-who-use-drugs-Causes-consequences-and-intervention.pdf\">Chapter 3:  Stigmatization in People Who Use Drugs: Causes, Consequences, and Intervention<\/a><\/p>\n\n\n\n<p>Carlos Arturo Cassiani-Miranda, Telmo Mota Ronzani, Felipe Tirado<\/p>\n\n\n\n<p>pages 57-88<\/p>\n\n\n\n<hr class=\"wp-block-separator has-alpha-channel-opacity\"\/>\n\n\n\n<p style=\"font-size:15px\"><a href=\"https:\/\/cdspress.ca\/wp-content\/uploads\/2023\/06\/CHAPTER-4-Social-Inequality-and-Consumption-of-Psychoactive-Substances-in-Colombia.pdf\">Chapter 4: Social Inequality and Consumption of Psychoactive Substances in Colombia<\/a><\/p>\n\n\n\n<p>Orlando Scoppetta D. G., Bertha Luc\u00eda Avenda\u00f1o Prieto<\/p>\n\n\n\n<p>pages 89-111<\/p>\n\n\n\n<hr class=\"wp-block-separator has-alpha-channel-opacity\"\/>\n\n\n\n<p style=\"font-size:15px\"><a href=\"https:\/\/cdspress.ca\/wp-content\/uploads\/2023\/06\/CHAPTER-5-RECREATIONAL-MARIJUANA-USE-AND-ITS-EFFECTS-ON-COGNITIVE-SKILLS-IN-ADOLESCENTS.pdf\">Chapter 5: Recreational Marijuana Use and Its Effects on Cognitive Skills in Adolescents<\/a><\/p>\n\n\n\n<p>Milton Rojas<\/p>\n\n\n\n<p>pages 112-134<\/p>\n\n\n\n<hr class=\"wp-block-separator has-alpha-channel-opacity\"\/>\n\n\n\n<p style=\"font-size:15px\"><a href=\"https:\/\/cdspress.ca\/wp-content\/uploads\/2023\/06\/CHAPTER-6-The-Party-Starts-Before-You-Think.pdf\">Chapter 6: The Party Starts Before You Think: &#8220;Predrinking,&#8221; or &#8220;Pregaming,&#8221; among Mexican Youth<\/a><\/p>\n\n\n\n<p>Marycarmen Noem\u00ed Bustos Gami\u00f1o, Jorge A. Villatoro Vel\u00e1zquez, Norberto Francisco Hern\u00e1ndez Llanes, Clara Fleiz Bautista, Nancy Gigliola Amador Buenabad, Mar\u00eda de Lourdes Guti\u00e9rrez L\u00f3pez, Mar\u00eda Elena Medina-Mora, Juan Arturo Sabines Torres<\/p>\n\n\n\n<p>pages 135-169<\/p>\n\n\n\n<hr class=\"wp-block-separator has-alpha-channel-opacity\"\/>\n\n\n\n<p style=\"font-size:15px\"><a href=\"https:\/\/cdspress.ca\/wp-content\/uploads\/2023\/06\/CHAPTER-7-CigaretteTobacco-Use-and-Exposure-to-Smoke-in-Latin-America.pdf\">Chapter 7: Cigarette\/Tobacco Use and Exposure to Smoke in Latin America<\/a><\/p>\n\n\n\n<p>Constanza Londo\u00f1o P\u00e9rez, Carlos Antonio Pardo Adames, Marcela Velasco Salamanca, Siu Fong Ac\u00f3n Araya, Luis Diego Vega Araya, Justo Reinaldo Fabelo Roche, Mart\u00edn No\u00e9 Grijalva, Carlos L\u00f3pez Villavicencio, Tamara Rodr\u00edguez Quintana, Jose Rodolfo Real Audeve, Julieta V\u00e9lez Belmonte<\/p>\n\n\n\n<p>pages 170-203<\/p>\n\n\n\n<hr class=\"wp-block-separator has-alpha-channel-opacity\"\/>\n\n\n\n<p style=\"font-size:15px\"><a href=\"https:\/\/cdspress.ca\/wp-content\/uploads\/2023\/06\/Index.pdf\">Index<\/a><\/p>\n","protected":false},"excerpt":{"rendered":"<p>Book title:&nbsp;Mental Health &amp; Addiction: An Integrated Care in Latin America Editor:&nbsp;Orlando Scoppetta, Ph.D. Affiliation:\u00a0Nuevos Rumbos Corporation, Colombia Editor: Augusto P\u00e9rez-G\u00f3mez, Ph.D. Affiliation:\u00a0Nuevos Rumbos Corporation, &hellip;<\/p>\n","protected":false},"author":1,"featured_media":0,"parent":0,"menu_order":0,"comment_status":"closed","ping_status":"closed","template":"","meta":{"footnotes":""},"class_list":["post-9034","page","type-page","status-publish","hentry"],"jetpack_sharing_enabled":true,"_links":{"self":[{"href":"https:\/\/cdspress.ca\/index.php?rest_route=\/wp\/v2\/pages\/9034","targetHints":{"allow":["GET"]}}],"collection":[{"href":"https:\/\/cdspress.ca\/index.php?rest_route=\/wp\/v2\/pages"}],"about":[{"href":"https:\/\/cdspress.ca\/index.php?rest_route=\/wp\/v2\/types\/page"}],"author":[{"embeddable":true,"href":"https:\/\/cdspress.ca\/index.php?rest_route=\/wp\/v2\/users\/1"}],"replies":[{"embeddable":true,"href":"https:\/\/cdspress.ca\/index.php?rest_route=%2Fwp%2Fv2%2Fcomments&post=9034"}],"version-history":[{"count":28,"href":"https:\/\/cdspress.ca\/index.php?rest_route=\/wp\/v2\/pages\/9034\/revisions"}],"predecessor-version":[{"id":9122,"href":"https:\/\/cdspress.ca\/index.php?rest_route=\/wp\/v2\/pages\/9034\/revisions\/9122"}],"wp:attachment":[{"href":"https:\/\/cdspress.ca\/index.php?rest_route=%2Fwp%2Fv2%2Fmedia&parent=9034"}],"curies":[{"name":"wp","href":"https:\/\/api.w.org\/{rel}","templated":true}]}}

<div class="wp-block-media-text alignwide is-stacked-on-mobile" style="grid-template-columns:39% auto"><figure class="wp-block-media-text__media"><img loading="lazy" decoding="async" width="225" height="300" src="https://cdspress.ca/wp-content/uploads/2023/06/MENTAL-HEALTH-ADDICTION-225x300.png" alt="" class="wp-image-9044 size-medium" srcset="https://cdspress.ca/wp-content/uploads/2023/06/MENTAL-HEALTH-ADDICTION-225x300.png 225w, https://cdspress.ca/wp-content/uploads/2023/06/MENTAL-HEALTH-ADDICTION-768x1024.png 768w, https://cdspress.ca/wp-content/uploads/2023/06/MENTAL-HEALTH-ADDICTION-1152x1536.png 1152w, https://cdspress.ca/wp-content/uploads/2023/06/MENTAL-HEALTH-ADDICTION-1536x2048.png 1536w, https://cdspress.ca/wp-content/uploads/2023/06/MENTAL-HEALTH-ADDICTION.png 1728w" sizes="auto, (max-width: 225px) 100vw, 225px" /></figure><div class="wp-block-media-text__content">
<p style="font-size:15px"><strong>Book title:</strong>&nbsp;Mental Health &amp; Addiction: An Integrated Care in Latin America</p>



<p style="font-size:15px"><strong>Editor:</strong>&nbsp;Orlando Scoppetta, Ph.D.</p>



<p style="font-size:15px"><strong>Affiliation:</strong> Nuevos Rumbos Corporation, Colombia</p>



<p style="font-size:15px"><strong>Editor:</strong> Augusto Pérez-Gómez, Ph.D.</p>



<p style="font-size:15px"><strong>Affiliation:</strong> Nuevos Rumbos Corporation, Colombia</p>



<p style="font-size:15px"><strong>Editor: </strong>Juliana Mejía Trujillo, M.A., Ph.D. Candidate</p>



<p style="font-size:15px"><strong>Affiliation:</strong> Maastricht University, Netherlands</p>



<p style="font-size:15px"><strong>Editor:</strong>&nbsp;Masood Zangeneh, Ph.D.</p>



<p style="font-size:15px"><strong>Affiliation:</strong>&nbsp;Humber College Institute of Technology and Advanced Learning, Canada</p>
</div></div>



<div style="height:100px" aria-hidden="true" class="wp-block-spacer"></div>



<p class="has-medium-font-size"><strong>Table of Contents:</strong></p>



<p style="font-size:15px"><a href="https://cdspress.ca/wp-content/uploads/2023/06/Datos-de-autores_Authors.pdf">Authors Information</a></p>



<p class="has-medium-font-size"><strong>Chapters:</strong></p>



<p style="font-size:15px"><a href="https://cdspress.ca/wp-content/uploads/2023/06/CHAPTER-1-Mental-health-in-time-of-COVID-19.pdf">Chapter 1: Mental Health in Time of COVID-19</a></p>



<p>Orlando Scoppetta D. G., Alexis E. Carrillo R., Camilo Rodríguez-Fandiño, Jennifer Toro Bermúdez, Alejandra Villamil-Sánchez, Juliana Mejía Trujillo, Augusto Pérez-Gómez</p>



<p>pages 1-25</p>



<hr class="wp-block-separator has-alpha-channel-opacity"/>



<p style="font-size:15px"><a href="https://cdspress.ca/wp-content/uploads/2023/06/CHAPTER-2-Telemedicine-for-mental-health-in-Latin-America.pdf">Chapter 2: Telemedicine for mental health in Latin America</a></p>



<p>Guillermo A. Castaño P., Luz Angela Rojas Bernal, Macarena Mesa</p>



<p>pages 26-56</p>



<hr class="wp-block-separator has-alpha-channel-opacity"/>



<p style="font-size:15px"><a href="https://cdspress.ca/wp-content/uploads/2023/06/CHAPTER-3-Stigmatization-in-people-who-use-drugs-Causes-consequences-and-intervention.pdf">Chapter 3:  Stigmatization in People Who Use Drugs: Causes, Consequences, and Intervention</a></p>



<p>Carlos Arturo Cassiani-Miranda, Telmo Mota Ronzani, Felipe Tirado</p>



<p>pages 57-88</p>



<hr class="wp-block-separator has-alpha-channel-opacity"/>



<p style="font-size:15px"><a href="https://cdspress.ca/wp-content/uploads/2023/06/CHAPTER-4-Social-Inequality-and-Consumption-of-Psychoactive-Substances-in-Colombia.pdf">Chapter 4: Social Inequality and Consumption of Psychoactive Substances in Colombia</a></p>



<p>Orlando Scoppetta D. G., Bertha Lucía Avendaño Prieto</p>



<p>pages 89-111</p>



<hr class="wp-block-separator has-alpha-channel-opacity"/>



<p style="font-size:15px"><a href="https://cdspress.ca/wp-content/uploads/2023/06/CHAPTER-5-RECREATIONAL-MARIJUANA-USE-AND-ITS-EFFECTS-ON-COGNITIVE-SKILLS-IN-ADOLESCENTS.pdf">Chapter 5: Recreational Marijuana Use and Its Effects on Cognitive Skills in Adolescents</a></p>



<p>Milton Rojas</p>



<p>pages 112-134</p>



<hr class="wp-block-separator has-alpha-channel-opacity"/>



<p style="font-size:15px"><a href="https://cdspress.ca/wp-content/uploads/2023/06/CHAPTER-6-The-Party-Starts-Before-You-Think.pdf">Chapter 6: The Party Starts Before You Think: &#8220;Predrinking,&#8221; or &#8220;Pregaming,&#8221; among Mexican Youth</a></p>



<p>Marycarmen Noemí Bustos Gamiño, Jorge A. Villatoro Velázquez, Norberto Francisco Hernández Llanes, Clara Fleiz Bautista, Nancy Gigliola Amador Buenabad, María de Lourdes Gutiérrez López, María Elena Medina-Mora, Juan Arturo Sabines Torres</p>



<p>pages 135-169</p>



<hr class="wp-block-separator has-alpha-channel-opacity"/>



<p style="font-size:15px"><a href="https://cdspress.ca/wp-content/uploads/2023/06/CHAPTER-7-CigaretteTobacco-Use-and-Exposure-to-Smoke-in-Latin-America.pdf">Chapter 7: Cigarette/Tobacco Use and Exposure to Smoke in Latin America</a></p>



<p>Constanza Londoño Pérez, Carlos Antonio Pardo Adames, Marcela Velasco Salamanca, Siu Fong Acón Araya, Luis Diego Vega Araya, Justo Reinaldo Fabelo Roche, Martín Noé Grijalva, Carlos López Villavicencio, Tamara Rodríguez Quintana, Jose Rodolfo Real Audeve, Julieta Vélez Belmonte</p>



<p>pages 170-203</p>



<hr class="wp-block-separator has-alpha-channel-opacity"/>



<p style="font-size:15px"><a href="https://cdspress.ca/wp-content/uploads/2023/06/Index.pdf">Index</a></p>

<p>Book title:&nbsp;Mental Health &amp; Addiction: An Integrated Care in Latin America Editor:&nbsp;Orlando Scoppetta, Ph.D. Affiliation: Nuevos Rumbos Corporation, Colombia Editor: Augusto Pérez-Gómez, Ph.D. Affiliation: Nuevos Rumbos Corporation, &hellip;</p>
